?
7
Let x(i) = -i - 559. Determine x(-15).
-544
Let g(s) = 5*s**2 + 74*s - 290. What is g(-18)?
-2
Let t(q) = 3*q**2 - 11*q + 22. Calculate t(5).
42
Let u(x) = 18*x + 1885. Calculate u(-105).
-5
Let x(a) = -a**3 + 30*a**2 - 141*a - 1009. Calculate x(21).
-1
Let z(b) = 2*b**2 - 298*b - 604. What is z(151)?
0
Let l(w) = -w**3 + 70*w**2 + 142*w + 3. Determine l(72).
-141
Let d(a) = a**2 - 19*a + 74. Give d(7).
-10
Let s(o) = 1015*o - 3030. What is s(3)?
15
Let y(g) = 2*g**3 - 16*g**2 - 32*g + 3. Determine y(10).
83
Let o(p) = 1130*p + 5654. Determine o(-5).
4
Let o(w) = -59*w + 1756. Calculate o(30).
-14
Let f(o) = -o**2 + 47*o - 212. Calculate f(4).
-40
Let r(b) = 2*b**3 - 40*b**2 - 46*b + 40. Determine r(21).
-44
Let s(i) = 6*i**2 - 29*i + 12. Calculate s(4).
-8
Let k(n) = -n**2 - 81*n + 351. Determine k(4).
11
Let w(m) = -15*m**3 + 11*m**2 - 23*m + 2. Determine w(2).
-120
Let u(v) = 74*v + 1326. Calculate u(-25).
-524
Let k(q) = -5*q**2 - 87*q - 343. Determine k(-9).
35
Let l(i) = -i**3 + 13*i**2 - 85. What is l(7)?
209
Let v(l) = -l**2 - 22*l + 227. Give v(-31).
-52
Let s(z) = -z**3 - 11*z**2 - 23*z + 21. What is s(-7)?
-14
Let c(u) = -37*u**2 - 212*u + 69. Give c(-6).
9
Let k(l) = -l**3 - 36*l**2 + 37*l - 95. Determine k(-37).
-95
Let u(k) = k**2 + 60*k + 576. Calculate u(-12).
0
Let x(k) = -2*k**2 - 9*k + 592. Give x(15).
7
Let s(f) = 55*f + 403. Calculate s(-7).
18
Let h(j) = -j**2 + 72*j + 3067. Determine h(102).
7
Let v(p) = 8*p**2 - 64*p + 153. What is v(9)?
225
Let d(x) = -190*x**2 - 1905*x - 47. Determine d(-10).
3
Let y(q) = q**3 + 3*q**2 + 37. Determine y(-5).
-13
Let w(t) = -77*t + 16012. Give w(208).
-4
Let w(x) = -111*x**2 - 74*x - 149. Determine w(-2).
-445
Let v(c) = c**3 - 39*c**2 - 36*c - 49. Give v(40).
111
Let s(z) = 11*z**2 + 5*z - 8. Calculate s(4).
188
Let g(n) = -42*n - 91. What is g(-3)?
35
Let b(p) = -6*p**2 - 27*p + 193. Calculate b(12).
-995
Let r(m) = -m**3 - 14*m**2 + 34*m - 285. Determine r(-17).
4
Let a(u) = -99*u - 5244. Give a(-53).
3
Let u(h) = -12*h - 968. What is u(-30)?
-608
Let n(q) = q**3 - 20*q**2 - 472*q + 1658. What is n(-16)?
-6
Let r(t) = 171*t + 1041. Calculate r(-6).
15
Let z(y) = 6*y + 189. Determine z(-4).
165
Let s(i) = 2*i**2 + 39*i + 188. What is s(-9)?
-1
Let b(w) = -1583*w - 25324. Calculate b(-16).
4
Let d(o) = -o**2 - 23*o + 304. Calculate d(-34).
-70
Let t(i) = -214*i + 105507. Calculate t(493).
5
Let g(z) = -342*z + 4055. Determine g(12).
-49
Let r(v) = -272*v + 45717. Calculate r(168).
21
Let x(i) = i**3 - 29*i**2 - 65*i + 107. Calculate x(31).
14
Let d(k) = -k**3 + 53*k**2 + 39*k - 7196. Give d(51).
-5
Let a(k) = 68*k + 3970. Calculate a(-58).
26
Let a(b) = b**2 + 29*b + 71. What is a(-27)?
17
Let z(d) = -d**3 + 27*d**2 + 6*d - 298. Determine z(26).
534
Let l(m) = -83*m - 1964. What is l(-23)?
-55
Let g(q) = -820*q - 11491. Give g(-14).
-11
Let w(y) = -2*y + 198. Calculate w(62).
74
Let m(q) = 3*q**2 + 24*q - 136. Give m(6).
116
Let d(o) = 424*o + 11469. What is d(-27)?
21
Let i(n) = -3*n**3 + 24*n**2 - 17*n + 10. Calculate i(7).
38
Let l(y) = 5*y**2 - 3592*y + 29821. Calculate l(710).
1
Let w(g) = -g**3 + 47*g**2 - 284*g + 24. What is w(7)?
-4
Let k(w) = 2*w + 33. Give k(2).
37
Let i(c) = 114*c + 2794. What is i(-23)?
172
Let b(t) = 2*t**3 - 11*t**2 + 14*t + 2. Calculate b(8).
434
Let w(y) = -y**3 - 6*y**2 + 287*y + 29. Determine w(-20).
-111
Let m(k) = -k**2 - 26*k + 122. Give m(-30).
2
Let v(j) = 4*j**2 + 50*j - 423. Calculate v(6).
21
Let m(c) = c**2 - 152*c + 3562. Calculate m(29).
-5
Let k(j) = 792*j + 7127. What is k(-9)?
-1
Let l(p) = 2*p**2 + 198*p - 15305. What is l(-150)?
-5
Let h(j) = -2*j**3 - 58*j**2 + 57*j - 79. Determine h(-30).
11
Let u(g) = -28*g**2 + 9*g + 15. Give u(-2).
-115
Let x(n) = -2*n**2 - 111*n + 2292. What is x(16)?
4
Let i(v) = 49*v + 1987. Calculate i(-23).
860
Let u(y) = 37*y + 44. What is u(-2)?
-30
Let u(k) = k**3 + 29*k**2 + 69*k - 135. Calculate u(-27).
-540
Let t(c) = -2*c**3 - 97*c**2 - 45*c + 149. What is t(-48)?
5
Let w(d) = -1376*d + 15105. Give w(11).
-31
Let g(k) = 2*k**3 + 9*k**2 + 5*k + 54. Give g(-5).
4
Let h(m) = 8*m - 116. Determine h(17).
20
Let c(d) = -95*d - 1272. Calculate c(-14).
58
Let d(c) = c**2 - 204*c - 7278. What is d(-31)?
7
Let q(w) = -3*w**2 + 63*w - 255. What is q(15)?
15
Let j(u) = -436*u - 878. What is j(-2)?
-6
Let r(p) = 81*p**3 - 6*p**2 + 6*p - 2. Calculate r(1).
79
Let t(u) = u**3 + 11*u**2 + 20*u - 21. Determine t(-7).
35
Let z(r) = 33*r**2 - 14*r - 34. What is z(-2)?
126
Let t(l) = -2*l**2 - 79*l - 890. Calculate t(-13).
-201
Let a(d) = -d**2 + 551*d - 1103. Calculate a(2).
-5
Let a(w) = -w**3 + 55*w**2 + 2*w - 105. Give a(55).
5
Let b(x) = x**3 + 17*x**2 + 35*x + 71. Determine b(-15).
-4
Let f(g) = -2*g**2 - 521*g + 22688. Calculate f(38).
2
Let f(i) = -25*i - 177. What is f(-7)?
-2
Let k(s) = -67*s - 2388. What is k(-36)?
24
Let q(x) = -11*x - 320. Give q(-53).
263
Let v(k) = -9*k**2 - 82*k + 12. Determine v(-9).
21
Let q(k) = -15*k + 597. What is q(40)?
-3
Let a(n) = -1312*n + 17051. Calculate a(13).
-5
Let l(p) = p**3 + 30*p**2 - 145*p - 321. What is l(-34)?
-15
Let i(b) = -53*b + 1282. What is i(35)?
-573
Let w(u) = -43*u + 519. Give w(14).
-83
Let a(w) = w**3 - 3*w**2 + 146*w - 972. Give a(6).
12
Let z(n) = -1090*n**2 + 14174*n - 55. Calculate z(13).
-3
Let n(g) = 350*g + 1400. Determine n(-4).
0
Let b(x) = -83*x**2 - 13*x + 34. What is b(-2)?
-272
Let c(g) = g**3 + 17*g**2 - 207*g + 48. Determine c(8).
-8
Let v(b) = -3*b**3 + 64*b**2 - 209*b + 8. Determine v(4).
4
Let b(y) = -y**2 + 69*y - 1192. Determine b(36).
-4
Let r(p) = 238*p**3 + 3*p**2 - 4*p + 2. Calculate r(1).
239
Let i(g) = -g**3 - 5*g**2 + 18*g + 34. Calculate i(-6).
-38
Let k(b) = -b**3 + 31*b + 38. Calculate k(-5).
8
Let h(j) = -58*j - 5334. What is h(-92)?
2
Let t(v) = -2*v**2 + 1266. Determine t(-25).
16
Let o(v) = -788*v - 4026. What is o(-5)?
-86
Let i(f) = -f**3 - 19*f**2 - 6*f + 482. What is i(-17)?
6
Let n(v) = 182*v + 3429. Calculate n(-19).
-29
Let g(p) = -343*p - 2402. What is g(-7)?
-1
Let g(i) = 15*i**2 + 39*i + 142. Give g(-5).
322
Let a(h) = -18*h + 194. Give a(-5).
284
Let x(c) = -c**2 + 26*c + 280. Calculate x(-10).
-80
Let y(k) = -k**2 - 11*k + 1882. Give y(-49).
20
Let o(w) = -33*w + 189. What is o(6)?
-9
Let t(s) = s**2 + 140*s + 4415. Determine t(-92).
-1
Let b(i) = 5*i**2 - 140*i + 5. What is b(28)?
5
Let v(c) = -8*c**2 + 27*c + 49. What is v(0)?
49
Let h(l) = 2*l**3 + 3*l**2 + 61*l - 137. Give h(2).
13
Let y(j) = -j**3 - 7*j**2 + 57*j - 25. Determine y(-12).
11
Let k(f) = 60*f - 1909. Give k(31).
-49
Let b(a) = -a**2 - 59*a + 1025. Determine b(-73).
3
Let q(a) = 5*a**2 + 3*a - 56. Determine q(-8).
240
Let m(n) = 50*n - 313. What is m(7)?
37
Let k(h) = -62*h + 1607. Give k(26).
-5
Let d(w) = -863*w + 12946. Give d(15).
1
Let n(z) = -2*z**3 + 25*z**2 - 18*z + 13. Determine n(12).
-59
Let n(j) = -j**3 + 11*j**2 - 40*j + 192. Give n(9).
-6
Let u(i) = i**3 - 21*i**2 + 68*i + 10. Calculate u(11).
-452
Let o(l) = l**2 + 113*l + 1748. Give o(-94).
-38
Let z(n) = -52*n**2 + 42*n - 3. Give z(2).
-127
Let i(s) = -s**3 + 9*s**2 + 20*s - 17. Determine i(11).
-39
Let v(t) = t**3 + 7*t**2 + 37*t + 460. Give v(-9).
-35
Let r(c) = 213*c + 3172. Give r(-15).
-23
Let t(g) = -g**3 - 5*g**2 - 39*g - 252. Calculate t(-6).
18
Let b(d) = -608*d - 39504. Give b(-65).
16
Let h(d) = -2*d**3 - 4*d**2 + 4*d + 23. Give h(0).
23
Let g(s) = -92*s + 1069. Calculate g(11).
57
Let y(d) = d**2 - 174*d - 1878. What is y(-10)?
-38
Let y(d) = -d**3 + 38*d**2 - 3. Calculate y(38).
-3
Let w(q) = -q**3 + 46*q**2 - 271*q - 38. Give w(39).
40
Let n(m) = m**3 + 35*m**2 - 27*m + 142. Determine n(-36).
-182
Let u(f) = 8*f**2 - 166*f. Give u(18).
-396
Let i(g) = 136*g**2 + 26*g + 28. Give i(-1).
138
Let b(m) = 2*m**2 + 14*m - 456. Determine b(-25).
444
Let q(s) = -s**3 + s**2 + 38*s + 23. What is q(7)?
-5
Let x(z) = 273*z + 2450. Give x(-9).
-7
Let f(w) = 9*w**2 - 107*w + 409. Determine f(4).
125
Let v(k) = k**3 + 49*k**2 - 53*k - 379. What is v(-50)?
-229
Let h(i) = -i**3 + 2*i**2 + 23*i + 6. Determine h(7).
-78
Let h(r) = -2*r - 102. Give h(-31).
-40
Let s(a) = 284*a - 10226. Give s(36).
-2
Let v(p) = p**2 - 126*p - 2438. Determine v(-17).
-7
Let o(n) = -738*n - 